te?
True
Is 1196404511 a prime number?
True
Is 3775083623 composite?
True
Is 50529262519 a prime number?
False
Is 12857587943 a prime number?
True
Is 117863401 composite?
False
Is 57829279349 a composite number?
True
Is 234773993 prime?
True
Is 14788200019 composite?
False
Is 70020381701 a prime number?
True
Is 8711077677 a composite number?
True
Is 33524927 a composite number?
False
Is 509690159 composite?
True
Is 34374236267 a composite number?
True
Is 4852761499 prime?
False
Is 391640194021 a prime number?
True
Is 7328129233 a composite number?
True
Is 2365142347 prime?
True
Is 45390336781 a composite number?
True
Is 2640937885 a prime number?
False
Is 37610723 a composite number?
True
Is 10092914939 a prime number?
False
Is 378976683307 a prime number?
True
Is 30959801 a composite number?
True
Is 11037631287 prime?
False
Is 58216031 prime?
False
Is 12049380401 composite?
False
Is 91227557909 prime?
False
Is 110806057793 a prime number?
True
Is 30034345273 prime?
False
Is 770645877 a prime number?
False
Is 4744447 composite?
True
Is 1285248469 prime?
False
Is 127676154811 composite?
True
Is 19623400787 a prime number?
True
Is 2183985373 prime?
True
Is 96530555941 a composite number?
False
Is 503688727 prime?
False
Is 15942959377 composite?
True
Is 777982147 composite?
False
Is 268542823 a prime number?
True
Is 933419999 prime?
False
Is 174134062897 prime?
True
Is 8661554879 composite?
True
Is 19599774427 composite?
False
Is 11885311131 composite?
True
Is 5958194063 a composite number?
False
Is 623555609 a composite number?
False
Is 8905528061 a prime number?
True
Is 68710790242 prime?
False
Is 236858503421 composite?
False
Is 5436075223 composite?
False
Is 53939983 composite?
True
Is 30557062951 a prime number?
True
Is 2504364139 composite?
True
Is 766871467 a composite number?
False
Is 9290733653 composite?
True
Is 22663687903 composite?
False
Is 7814694857 a prime number?
True
Is 21091462919 composite?
False
Is 4858281851 a prime number?
False
Is 2763810307 prime?
True
Is 3158048063 a composite number?
False
Is 16532913739 prime?
True
Is 2406054827 a composite number?
True
Is 10416128183 composite?
False
Is 83223581471 prime?
True
Is 10989279739 prime?
True
Is 88309693345 prime?
False
Is 4045197971 a composite number?
False
Is 5260043429 prime?
False
Is 453214409 composite?
False
Is 595112443 a prime number?
False
Is 6731667707 prime?
True
Is 370041743 a composite number?
False
Is 585517943 a composite number?
True
Is 37078904803 composite?
True
Is 5509586629 prime?
False
Is 222297780091 a prime number?
False
Is 1487833747 a composite number?
True
Is 1425698111 composite?
True
Is 278253065 a composite number?
True
Is 156557174 a composite number?
True
Is 133039835 prime?
False
Is 72386222117 composite?
True
Is 11466645067 prime?
True
Is 4425822799 a prime number?
True
Is 16608114839 prime?
True
Is 174438412901 a prime number?
True
Is 4761560003 a composite number?
False
Is 407571289 prime?
False
Is 14851162499 prime?
True
Is 899525327 a prime number?
False
Is 2899307771 prime?
True
Is 36577200019 prime?
True
Is 58985641877 a composite number?
True
Is 24015337 a prime number?
False
Is 37822344317 prime?
False
Is 4143606479 a prime number?
True
Is 985929649 prime?
False
Is 1076547289 a prime number?
False
Is 12135841547 prime?
False
Is 40624229127 composite?
True
Is 7799555843 composite?
True
Is 2511510139 a composite number?
True
Is 23944046993 prime?
True
Is 13774731913 a prime number?
True
Is 399024679 prime?
True
Is 367776887 a composite number?
True
Is 3366930797 a prime number?
True
Is 4053964157 a prime number?
False
Is 6321189319 composite?
True
Is 6040380461 composite?
True
Is 1211873159 a prime number?
False
Is 25233211243 a prime number?
False
Is 7918635679 a prime number?
False
Is 307161373 composite?
False
Is 2994414429 composite?
True
Is 80722029383 composite?
True
Is 4961360821 a composite number?
True
Is 9203282989 composite?
False
Is 26763166643 a composite number?
True
Is 1328872953 prime?
False
Is 55988450489 prime?
True
Is 8099221163 a composite number?
True
Is 67856977558 a prime number?
False
Is 23328558467 prime?
True
Is 800072809 prime?
False
Is 67599883213 composite?
True
Is 170647801 prime?
True
Is 179282786 a composite number?
True
Is 11075940457 a composite number?
False
Is 1394043641 a composite number?
True
Is 21652552022 composite?
True
Is 10958368191 a composite number?
True
Is 74101739234 composite?
True
Is 14579279105 a prime number?
False
Is 4234730099 a composite number?
False
Is 127118424291 composite?
True
Is 236404717 a prime number?
True
Is 1487741443 prime?
True
Is 12030124423 a composite number?
True
Is 1465026367 a prime number?
False
Is 55072118777 composite?
True
Is 393152497 prime?
True
Is 12978007253 a prime number?
False
Is 67071139 composite?
False
Is 435111709 prime?
False
Is 18205868299 composite?
False
Is 3273964357 a prime number?
False
Is 68645459 a prime number?
True
Is 74592775717 a composite number?
False
Is 197588123 composite?
False
Is 1453066303 a prime number?
False
Is 14833983431 a composite number?
False
Is 3518238799 a prime number?
True
Is 36080223287 prime?
False
Is 1881194671 prime?
True
Is 225461927 a prime number?
False
Is 4434135617 composite?
True
Is 527040959 prime?
True
Is 1281541199 a prime number?
True
Is 445067939 a composite number?
True
Is 52240323491 prime?
True
Is 58156873966 composite?
True
Is 9652195931 prime?
False
Is 3579509909 composite?
False
Is 2648282893 a composite number?
True
Is 550630049 a prime number?
False
Is 455537629 composite?
False
Is 73674108253 prime?
True
Is 20513566709 a composite number?
True
Is 1059510511 prime?
True
Is 9110102441 a prime number?
False
Is 269136661 a composite number?
False
Is 419052649 a composite number?
True
Is 37485706529 a prime number?
False
Is 1328379509 a prime number?
False
Is 36434934611 a composite number?
True
Is 1003256119 prime?
False
Is 715436818 prime?
False
Is 78623872487 composite?
False
Is 822560278 a composite number?
True
Is 1894510531 a composite number?
False
Is 962989873 a composite number?
False
Is 7395334553 a prime number?
True
Is 2171091481 a prime number?
False
Is 82770157 a composite number?
True
Is 25276153481 a composite number?
True
Is 187200493097 a composite number?
False
Is 1482257633 a composite number?
False
Is 950052541 composite?
True
Is 652377347 a composite number?
True
Is 594317221 prime?
True
Is 578720983 a composite number?
False
Is 3224357989 a composite number?
True
Is 2467243417 a composite number?
False
Is 27364486057 composite?
False
Is 613029671 a prime number?
True
Is 949763183 composite?
False
Is 582521867 a prime number?
True
Is 17263956713 a prime number?
False
Is 14991847489 prime?
False
Is 368616205 a prime number?
False
Is 50243734 composite?
True
Is 5166917563 a composite number?
False
Is 15437774861 a composite number?
False
Is 927167867 a composite number?
True
Is 652605989 a composite number?
True
Is 763079617 prime?
True
Is 6093516217 prime?
True
Is 49422867973 a prime number?
True
Is 24147679 composite?
False
Is 36800039 prime?
False
Is 1131123433 a prime number?
False
Is 1942774646 composite?
True
Is 939230587 a prime number?
False
Is 2285404859 prime?
True
Is 3606966283 a composite number?
True
Is 440205781 a composite number?
False
Is 20952519487 a composite number?
True
Is 168557981 a prime number?
True
Is 2481383009 a prime number?
False
Is 813249053 a composite number?
True
Is 40030561 composite?
False
Is 1219719773 a prime number?
True
Is 716470067 composite?
False
Is 20444167979 prime?
False
Is 927991139 composite?
False
Is 5566076951 a prime number?
False
Is 2751346277 a composite number?
True
Is 1233351421 composite?
False
Is 278567873 a composite number?
True
Is 15780078557 composite?
True
Is 241961549 a prime number?
True
Is 751932043 a prime number?
False
Is 4619528629 composite?
False
Is 137776989265 prime?
False
Is 20764056839 a composite number?
False
Is 2876872381 prime?
True
Is 13722822961 prime?
False
Is 5501624993 composite?
True
Is 190812967 composite?
True
Is 806553467 a prime number?
True
Is 3354080659 a prime number?
False
Is 572092057 a composite number?
True
Is 1831172482 prime?
False
Is 3809797283 a composite number?
False
Is 